hat is the units digit of n?
3
Suppose 1673 = 4*n + 5*x, n + 4*x - 353 = 57. What is the tens digit of n?
2
Let y(l) = 2*l - 2*l - 2 - 8*l. Let z = 99 - 100. What is the units digit of y(z)?
6
Let v(s) = 161*s + 18. What is the hundreds digit of v(4)?
6
Let s(r) = -r**3 - 5*r**2 + 4*r + 1. Let i be s(-6). Suppose i*p = 6*p + 343. What is the units digit of p?
9
Suppose 0 = 54*v - 17*v - 38850. What is the tens digit of v?
5
Suppose -2*r - 9 = -w - 42, -5*r + 5*w = -90. What is the hundreds digit of (1156/12)/(5/r) - -3?
2
Let y be 0*(-7 + 0 + (-30)/(-5)). Let q(t) = -t + 12 + 33 + 2*t. What is the units digit of q(y)?
5
Suppose -4*f + 1 = -27. Let b(u) = u**2 - 5*u - 12. Let z be b(f). Suppose -z*r + 2*k + 68 = r, 5*r = -3*k + 126. What is the units digit of r?
4
Let x(l) = 3*l - 13. Let t be x(-7). Let q = t + 19. Let u = -1 - q. What is the tens digit of u?
1
Let g = 5 - 5. Suppose -5*z + 5*f = -150, 5*f + 2 + 3 = g. Let u = 70 - z. What is the tens digit of u?
4
Let u = -28 + 31. Suppose -u*j + 368 = -2*w, 3*j + 0*w = -2*w + 352. What is the tens digit of j?
2
Let s(x) = 5*x - 6. Let k(r) = -r**2 + 7*r - 9. Let j be k(6). Let g(l) = 6*l - 6. Let f(z) = j*g(z) + 4*s(z). What is the units digit of f(7)?
8
Suppose 4*r = i - 2016 + 284, -5241 = -3*i - 3*r. What is the units digit of i?
4
Let r(x) = 6*x. Let s be r(3). What is the units digit of 3/s - 519/(-18)?
9
Let a = -18 - -51. Let y = a + -5. Suppose y + 36 = s. What is the tens digit of s?
6
What is the tens digit of (-1390)/(2*-1) - (11 - 9)?
9
Let a(q) = 212*q - 44. What is the tens digit of a(4)?
0
Let k be (-20)/2*(-2)/(-4). Let g(i) = 2*i**2 + 6*i + 14. What is the tens digit of g(k)?
3
Let x(n) = 8*n + 46. Suppose -72 = -3*f + 3*g, g - 6*g = -2*f + 60. What is the tens digit of x(f)?
0
Let w(k) = 43*k**2 + k. Suppose -2*z + 4*q = -6, 3*z + 2 + 0 = -5*q. What is the tens digit of w(z)?
4
Suppose -p = -4*p + 4*i + 1455, -3*i = -3*p + 1458. Let m = p + -206. What is the tens digit of m?
8
Suppose 2*m + 768 = 6*m. Suppose -i + m = -3*i. Let l = i + 135. What is the units digit of l?
9
What is the units digit of 2/7 + 44514/21?
0
Let l = 59 - 57. Suppose 4*p = -2*w + 2*p + 234, -w = -l*p - 102. What is the hundreds digit of w?
1
Let i(o) = -o**3 + 10*o**2 + 10*o - 16. Let m be i(7). Let j = m - 85. What is the units digit of j?
6
Let b(r) = -2*r - 2. Let v be b(-3). What is the units digit of (v/(-3))/(5/(-165)) - 1?
3
Let l be ((-3)/2)/(7/(-14)). Let z be 7 + (-7)/1 + l. Let p(x) = 3*x + 1. What is the tens digit of p(z)?
1
Let r(o) = 13*o - 7. Suppose 17*c - 16*c = 2. What is the units digit of r(c)?
9
Suppose -2*c - 11 = -5*s, -4*s + 3*c + 10 = 2*c. Suppose o - 3 - 2 = 0, 0 = s*f - o - 106. What is the tens digit of f?
3
Suppose -r = f, -2*f + r - 2 = 1. Let d be 3 - -6*(f + 0). Let y = 17 + d. What is the units digit of y?
4
Suppose -2*o = 2*i - 602, 2*i + 3*o = 7*i - 1545. Suppose 8*j - 270 = i. What is the units digit of j?
2
Let a = -4 - -15. Let n(v) = -3*v**2 - 9*v + 19. Let b(m) = -2*m**2 - 10*m + 18. Let o(f) = -4*b(f) + 3*n(f). What is the units digit of o(a)?
7
Let j(m) = -2*m + 3. Let b be j(4). Let n(k) = -43*k**2 + 5*k. Let z(s) = -42*s**2 + 4*s. Let q(p) = b*z(p) + 4*n(p). What is the units digit of q(-1)?
8
Suppose 3844 = 2*j - 4*q, -2*j + 3717 + 124 = -5*q. What is the tens digit of j?
2
What is the thousands digit of 1809 + (8 + -17 - -17)?
1
Let x be (4 + -6)/(3/(-6)). What is the units digit of x*(2 - 3) - -16?
2
Let y = 137 + -251. Let p = 162 + y. What is the units digit of p?
8
Suppose 6*s - s + f + 14 = 0, 4*s = -3*f - 20. What is the units digit of ((-3)/s)/(3/502)?
1
Let i = 22 + -71. Let x = i + 39. What is the units digit of ((-316)/x)/(8/20)?
9
Let c(b) = -4*b + 5. Let j be c(2). Let h(f) = -9*f**2 + 7*f - 55. Let a(n) = 5*n**2 - 4*n + 27. Let m(g) = j*h(g) - 5*a(g). What is the tens digit of m(0)?
3
Let p(x) = 42*x + 16. Let d be 7/7 + (-8)/(2/(-1)). What is the units digit of p(d)?
6
Let k(d) = -5*d + 31. Let p(w) = 3*w - 31. Let i(o) = -4*k(o) - 3*p(o). What is the tens digit of i(13)?
1
Suppose 0 = 6*m - 14*m. Suppose 5*a - 171 - 564 = m. What is the tens digit of a?
4
Let z = 83 - 79. Suppose 0 = z*m + 4*y - 128, -m + 40 = -2*y - y. What is the units digit of m?
4
Let j = 7955 + -3499. What is the hundreds digit of j?
4
Let h(c) be the first derivative of -31*c**2/2 - 4*c - 2. Let r be h(-4). Suppose 3*y + g + 3*g - r = 0, 5*y - 5*g - 165 = 0. What is the units digit of y?
6
Let w = -20 + 20. Suppose w = -3*i - 2*i - k + 190, -5*k - 190 = -5*i. What is the tens digit of 2/2*(i - 9)?
2
What is the tens digit of 103*9*(-360)/(-270)?
3
Let i = -28 - -20. Let m = i + 11. Suppose 0 = -2*z - m - 1, 3*l - 5*z = 193. What is the tens digit of l?
6
Let r(s) = 3403*s**2 + s - 3. What is the tens digit of r(-1)?
9
Let s(x) = 29*x - 46. Suppose -25 = -94*i + 89*i. What is the tens digit of s(i)?
9
Suppose 3*c - 40 = v, 9 = -4*c + 5*c + 4*v. Let k(z) = -z**2 + 16*z. What is the units digit of k(c)?
9
Let v(u) = 97*u + 124. What is the units digit of v(26)?
6
Let m = 2 + -1. Suppose 0 = -8*x + 3*x + 15, 3*h + x + 27 = 0. Let t = m - h. What is the tens digit of t?
1
What is the tens digit of 2*1070/4*2?
7
Let q(w) = w**2 + 7*w. Suppose -10*c + 16*c = -60. What is the tens digit of q(c)?
3
Let n(p) = p**3 + 11*p**2 + 15. Let y be n(-11). Let j = -5 + y. Suppose 11*q - j*q - 28 = 0. What is the units digit of q?
8
Let g = 25 - 20. Suppose -6*a = -g*a - 146. What is the units digit of a?
6
Let g(p) = -8*p**2 + 2*p - 3. Let u be g(4). Let q = -118 - u. What is the units digit of q?
5
Let f(r) = -20*r**3 + 3*r + 11. What is the tens digit of f(-4)?
7
Let v be (-39)/13 + 462/2. Let p = -150 + v. What is the tens digit of p?
7
What is the units digit of 6416/24*(2 - (-1)/(-2))?
1
What is the thousands digit of 76068/30 + 1/((-15)/(-6))?
2
Let i be 13/(-2)*-5*1116/465. Let v(f) = f**3 + 7*f**2 + 2*f + 5. Let l be v(-4). Let m = i - l. What is the units digit of m?
3
Let i be (-5)/3*(-7 + (-6 - -4)). What is the hundreds digit of (1/(5/68))/(2/i)?
1
Let l = 42 + -39. Suppose 5*t - 205 = -2*b, l*b = -5*t + 157 + 148. What is the tens digit of b?
0
Suppose -3*k - 2*o = 11, 11 = -2*k - 0*k - 5*o. What is the tens digit of ((-284)/6)/(-3 + (-7)/k)?
7
Let v(q) = q - 10. Let p be v(17). Let u(n) = 14*n + 1. What is the tens digit of u(p)?
9
Suppose s - 8 = -4*x, 5*x - 10 = 7*s - 2*s. Suppose 198 = x*z - 36. Suppose -3*n + 0*n + z = 0. What is the tens digit of n?
3
Let n = -19 - -15. Let u = 0 - n. Suppose 0*w - w + 3*p = -22, -u*w + 3*p = -43. What is the units digit of w?
7
Let l(m) = -9*m**3 + 4*m**2 + 2*m - 12. What is the thousands digit of l(-5)?
1
Let x = 21 + -18. Let g be (10/x)/(8/12). Suppose -b = -r + 23, -g*r + r = -3*b - 87. What is the units digit of r?
8
Suppose 0 = -2*z + 5*z - 75. Suppose -3*m - z = -4*i, -2*m - 2*m + 8 = 5*i. Suppose 4*d + 12 = i*o, -5*o - d = -3*d - 15. What is the units digit of o?
3
Let n(a) = 3*a**3 - 17*a**2 + a + 3. Let d be n(9). Suppose -3189 = -9*f - d. What is the units digit of f?
3
Let s(x) = -29*x - 149. What is the units digit of s(-23)?
8
Let g = 382 - 370. Let r(o) = -4*o - 1. Let c be r(-1). Suppose -c*m + 6 = -g. What is the units digit of m?
6
Suppose -3*l + 4*l = 5*z - 1027, 3*z - 609 = 3*l. Suppose 5*r - z = 4*r + 5*x, -4*x - 418 = -2*r. What is the tens digit of r?
1
Let q = 11 - 11. Let j = q + 0. Suppose b + 5*n = 29, 2*b + 2*b + 5*n - 71 = j. What is the tens digit of b?
1
Suppose 6*y - 7502 + 1130 = 0. Suppose 23*t - y = 17*t. What is the units digit of t?
7
Let y be (-136)/(-22) - 10/55. Let x = -9 + y. What is the tens digit of 10*((-9)/(-2) + x)?
1
Let s(o) = -o**3 + 41*o**2 - 12*o + 31. What is the hundreds digit of s(40)?
1
Let p(f) = 44*f + 180. What is the units digit of p(16)?
4
Let w = 240 + 235. What is the hundreds digit of w?
4
Let o = 7358 + -3648. What is the units digit of o?
0
Suppose 2*r = 2*m - 4, -6*r = 3*m - r - 46. Let g(q) = 31*q - 49. What is the tens digit of g(m)?
6
Let w(j) be the second derivative of -j**5/20 - 7*j**4/12 - j**3/6 - 5*j**2/2 - 4*j. Let o be w(-7). What is the tens digit of (-42)/(-3) - 4/o?
1
Let w = -236 - -1170. What is the tens digit of w?
3
Suppose 24 = 2*m - 2. Suppos